igit of g?
0
Let f = 4 + -4. Let i(p) = p**2 + p + 9. What is the units digit of i(f)?
9
Suppose 6*r = 202 - 52. Suppose 23*v - r*v = -316. What is the tens digit of v?
5
Suppose 2*y + 3*y + 3*u = 0, -15 = 3*u. Suppose 0 = p - 5*k - 41, -2*p + 5*k - 21 = -y*p. What is the tens digit of p?
3
Suppose -7 + 9 = -2*s. Let c be 22/(-12) + s/6. Let d(m) = -18*m - 6. What is the tens digit of d(c)?
3
Let g = -20 + 17. Let x be 4 - (3 + -2)*g. Suppose -3*d - 3*u + x*u = -88, 2*u - 4 = 0. What is the tens digit of d?
3
Suppose -l - 5733 = -8*l. What is the tens digit of l?
1
Let u be 60/14 + (-2)/7 - -98. Suppose -8*l + 454 - u = 0. What is the units digit of l?
4
Suppose -28 = -r - 155. Let f = -34 - r. Suppose -10*d + f = -7*d. What is the tens digit of d?
3
Let k be (42/84)/((-2)/8). What is the tens digit of (-126)/84*(k + 668/(-3))?
3
Suppose -4*m = -8 - 52. What is the hundreds digit of (-12)/m + 1737/15?
1
Let g(d) = -d**2 + 131*d - 40. What is the tens digit of g(29)?
1
Let k(j) = -23*j**3 + j**2 - 8*j + 1. What is the tens digit of k(-4)?
2
Let z = -10 - -14. Suppose c - 2*a = 5*c - 58, -c + 10 = -z*a. Suppose -2*q + c + 16 = -4*m, -9 = 3*m. What is the units digit of q?
9
Let f(y) = -2*y**3 + 7*y**2 + 6*y + 11. Let x be f(6). Let d = -5 - x. What is the hundreds digit of d?
1
Let g(r) = 14*r**2 - 74*r - 29. Let x(w) = 5*w**2 - 25*w - 10. Let h(o) = 3*g(o) - 8*x(o). What is the hundreds digit of h(15)?
1
Suppose -3*f - 7899 = -4*b, 42*b = 39*b + 3*f + 5928. What is the tens digit of b?
7
Suppose -57*g + 43*g = -826. What is the units digit of g?
9
Let g(n) = 77*n**2 + 3*n + 49. What is the tens digit of g(-4)?
6
Suppose 0 = -j - 2, -4*j + 88 + 81 = 3*n. What is the units digit of n?
9
Suppose 0 = -10*u + 6341 + 14449. What is the hundreds digit of u?
0
What is the hundreds digit of (-11)/((-1)/(-6)*6/(-452))?
9
Let c = -7 + 2. Let n(r) = r**2 + 2*r - 7. Let m be n(c). Let q(y) = 5*y - 4. What is the tens digit of q(m)?
3
Suppose -14*v - 3*v = -1428. What is the units digit of v?
4
What is the hundreds digit of 45753/51 - -4 - (-6)/(-51)?
9
Let m(n) = -124*n - 3. Let c(z) = -125*z - 3. Let k(y) = 6*c(y) - 5*m(y). What is the units digit of k(-1)?
7
Suppose 2*l + 4 = 0, -w + 31 = -2*l - 2*l. Let b = w - 16. Let y = b + 5. What is the tens digit of y?
1
Let m(y) be the first derivative of y**5/20 - y**4/12 - y**3/6 + 8*y**2 + 10*y + 1. Let a(n) be the first derivative of m(n). What is the units digit of a(0)?
6
Let c(l) be the first derivative of 3*l**3 + 14*l**2 - 7*l + 7. What is the units digit of c(-5)?
8
What is the hundreds digit of 1/2*(-13 + 585)?
2
Suppose -5*y = -4*p - 56, 0 = -3*p + y - 2 - 40. Let v = -15 - p. Let c(l) = -30*l - 1. What is the tens digit of c(v)?
2
Suppose 9*v - 377 = -f + 10*v, 5*f = v + 1865. What is the hundreds digit of f?
3
What is the units digit of (120/(-210))/(2/(-1498))?
8
Let c be 60/(-36) - 422/(-3). Let z = c + 125. What is the hundreds digit of z?
2
Let m = 3368 - 1838. What is the units digit of m?
0
Let y(k) = k**3 - 8*k**2 - 11*k + 11. Let q be y(8). Let j = q - -144. What is the units digit of j?
7
Let x(r) be the first derivative of -r**4/4 - 10*r**3/3 - 9*r**2/2 - 1. Let p be x(-9). Suppose 4*i + 4 = p, -11 = -2*s + i + 20. What is the units digit of s?
5
Let j(x) = -30*x. Let w be j(-4). Let h = 176 - w. What is the tens digit of h?
5
Suppose -15*x + 257 - 287 = 0. Suppose 0*n - 3*n + 4*l - 224 = 0, 2*n = l - 151. What is the tens digit of n/x + -2 + 1?
3
What is the units digit of ((-10)/6)/(5/(-285))?
5
Suppose -5*f + 2250 - 383 = 4*i, 2*f + 2 = 0. What is the tens digit of i?
6
Let f = 442 - 151. What is the units digit of f?
1
Let s be 0/(-2*(-3)/(-6)). Suppose -u + s*u + 56 = 0. What is the units digit of u?
6
Let z(a) = -a**2 - 9*a - 12. Let f be z(-7). What is the units digit of 62 - (4/(-4) - f)?
5
Let r(a) = 28*a**2 + 4 - 11*a**2 - 4*a**2 - 14*a + a**3. Let m be r(-14). Suppose -2*h + 65 = o, -m*o + 4*h - h + 249 = 0. What is the tens digit of o?
6
Let o be -1263*(20/(-15) + 1). Suppose 0 = 4*g - k - o, g - k - 135 + 26 = 0. What is the units digit of g?
4
Suppose -25*h = -579 - 1796. What is the tens digit of h?
9
Let o = -38 + -17. Let w = o + 93. What is the tens digit of w?
3
Let i be 2/9 + (-14)/(-18). Suppose 0*z - z - 479 = -4*h, -2*z = -10. What is the tens digit of i/(-8) + h/8?
1
Let s be 4/12*(39 + 0). Suppose -2*r = -s*r + 935. What is the units digit of r?
5
Suppose 0 = -5*t - 25, -5*o - 3*t + 1197 + 3058 = 0. What is the tens digit of o?
5
Let k(r) = 2*r**2 + 3*r + 4. Let m be k(-5). Let y be 6/9 + m/9. Suppose 8*j = -4*f + 3*j + 169, 2*j = y*f - 170. What is the tens digit of f?
3
Let y(t) = t**3 - t**2 + t - 1. Let l be y(1). Suppose -a - 9 + 60 = l. Suppose -s + a = -4*k - 0*k, -4*k = 3*s - 105. What is the units digit of s?
9
Let b(d) = -1442*d + 155. What is the thousands digit of b(-3)?
4
Let t(p) = 41*p - 589. What is the tens digit of t(61)?
1
What is the hundreds digit of 9591*(0 - -1)/(42/14)?
1
Let c be (3 + 12/20)*(1 + -6). Let h = c + 40. What is the units digit of h?
2
Let p(c) = -2*c**2 + 8*c + 4. Let o be p(6). Let i = -108 + 48. Let r = o - i. What is the tens digit of r?
4
Suppose -m + 6 = 3*u, -11 = -2*u + m - 2. Suppose u*d - 10 = -2*d. Suppose -5*t + 45 = -5*g, 5*t + 5*g - 77 = d*g. What is the tens digit of t?
1
Let u = 737 + -293. What is the hundreds digit of u?
4
Suppose -3*h - 15 = 0, -x = 3*h - 1 + 7. Let l = x + 4. What is the tens digit of (15 - l)/(2/13)?
1
Let q(g) = -g**2 + 7*g + 8. Let i be q(4). What is the tens digit of (i + -22)*(-3)/((-6)/(-20))?
2
Let s be ((-9)/(-2))/(15/(-20)). What is the tens digit of (92/s)/(7/(-21))?
4
Suppose f + 12*f = -1404. Let i = f + 115. What is the units digit of i?
7
Let s = -22 + 24. Let y be (-2)/(-4)*2*2. Suppose 0 = 5*j + 2*r - 110, 2*j + s*r = -y*j + 88. What is the units digit of j?
2
Let f = -56 - -59. Suppose 3*u - 46 = -4*l, 3*l - 2*u = -u + 41. Suppose w - l = f. What is the units digit of w?
6
Let h be 1/(-5) + 52/10. Suppose s = 3*z + 81, -5*s + 329 = h*z - z. Suppose s = 5*d - 71. What is the tens digit of d?
2
Let w = -688 + 2973. What is the units digit of w?
5
Let f(w) = 8*w**3 - 5*w**2 - 12*w + 13. What is the tens digit of f(5)?
2
Suppose 2*j = 6*j - 4*f - 460, -j + 111 = 3*f. Let a = -73 + j. What is the tens digit of a?
4
Let n be 14/(-35) + (-434)/(-10). Suppose y - 2*d = n, -y = y + 3*d - 107. What is the tens digit of y?
4
Suppose -3*d + 335 = -5*g, 4*d - 4*g - 296 = 164. Let i = 207 - d. Suppose -5*w + i = -4*b, -7 = -4*b + 1. What is the units digit of w?
9
Suppose -7*c + 306 + 93 = 0. Let n = 111 - c. What is the units digit of n?
4
What is the hundreds digit of 1658 - -2 - (-66 + 57)?
6
Let q be (12/8)/((-4)/(-64)). Let d = q + -16. What is the units digit of (16 + 4)*d/10?
6
Let o be ((-3552)/56)/((-1)/(-7)). Let b = 683 + o. What is the hundreds digit of b?
2
Suppose 27*n - 43*n + 2592 = 0. What is the hundreds digit of n?
1
Let p(i) = 3*i**2 - 4*i**2 + 21 - 17 - 5*i**2 + i**3. What is the tens digit of p(7)?
5
Let o(j) = -6 + 72*j - 4 + 7. Let v be o(2). Let u = -90 + v. What is the tens digit of u?
5
Let t be ((-2)/4)/(25/(-7050)). Suppose -t = -6*k + 231. What is the tens digit of k?
6
Let f be (-3 - -2)*2*-640. Suppose -624 - f = -14*q. What is the hundreds digit of q?
1
Let z(t) = 38*t + 446. What is the hundreds digit of z(25)?
3
Let k(h) = 2*h**2 + 3*h - 46. What is the tens digit of k(-16)?
1
Suppose -103*f = -93*f - 9210. What is the tens digit of f?
2
Let s(w) = w**2 + 8*w + 1. Let m be s(-8). Let c be (0 - m)*(-13 + 2). Let b(t) = -t**2 + 12*t + 10. What is the tens digit of b(c)?
2
Let p(r) = 89*r**3 - r**2 + r - 1. Let w = -28 - -29. What is the tens digit of p(w)?
8
Let a be (-4 + 8)/(2/4). Suppose 2*o = 4*o. Suppose -y + 0*y + a = o. What is the units digit of y?
8
Suppose 0 = 7*i + 941 - 5428. What is the tens digit of i?
4
Suppose 4*u = -16, 122 = 4*n - n - 5*u. Suppose b = -4*b + 50. Let k = n - b. What is the tens digit of k?
2
Let i = 55 + -65. What is the units digit of (-2827)/(-55) - (16/i + 1)?
2
Let n(z) = -5*z**2 + 12*z + 11. What is the units digit of n(3)?
2
Suppose -2*n = y - 142, -y + 487 = 4*n + 199. Suppose -i + p + 2*p + n = 0, -3*p = -15. S